 100.
20
Let q = -13979 + 13981. Calculate the greatest common factor of q and 2082.
2
Suppose 0 = -149052*b + 149039*b + 1235. What is the highest common divisor of 304 and b?
19
Let h(q) = 2*q**3 - 16*q**2 + 2*q. Let m(z) = -5*z - 122. Let n be m(-26). Let c be h(n). Calculate the highest common divisor of 112 and c.
16
Let s be (-6)/((-5)/(10/(-8)))*-2. Suppose f - s*t = -3*f + 105, -2*t = -4*f + 102. What is the greatest common factor of 288 and f?
24
Let v = -2955 + 6071. Calculate the greatest common divisor of v and 152.
76
Suppose 17*x - 49077 = -60*x - 94*x. Calculate the greatest common divisor of 779 and x.
41
Let w(h) = 6*h + 1. Let s be w(1). Let p be 2*((-2343)/(-10) - ((-96)/30 - -3)). What is the greatest common divisor of p and s?
7
Suppose -3*t - 9 + 189 = 0. Let f be ((-672)/t)/(2/(-130)). What is the highest common divisor of 14 and f?
14
Let q(h) be the second derivative of h**4/6 - 47*h**3/6 + 6*h**2 + 2*h - 48. Let t be q(24). What is the greatest common divisor of 576 and t?
36
Suppose -2*y = -138 + 12. Suppose 6 = -3*c, -3*z + 4*c + y = -149. What is the greatest common factor of z and 8?
4
Suppose 0 = -49*x + 3*x + 3128. Let g be (1/(-6))/(2/(-204)). Calculate the highest common factor of g and x.
17
Let c be ((-19)/(-38) - 0)/((-1)/(-78)). Calculate the highest common factor of c and 1651.
13
Let k be 15/(-6)*((-33)/5 + 1). Suppose -22 = 4*d - k. Let u be ((-6)/(-2) + -1)*d/(-4). What is the greatest common divisor of 1 and u?
1
Let q(k) = -k**3 + 10*k**2 - 12*k + 1. Let g be q(7). What is the highest common divisor of 3680 and g?
32
Let f = -156 + 158. Suppose o + 252 = f*o. Calculate the highest common divisor of 28 and o.
28
Let s be (-3)/((-2)/(152/12)). Let p = -638 - -1075. Calculate the greatest common divisor of p and s.
19
Let a be 10/5 + 72 - -4. Suppose 13 = -2*u - 3. Let x = u + 47. What is the highest common divisor of a and x?
39
Suppose -2*s = 3*x - 6*x + 1123, 4*x + 3*s = 1520. Suppose q = -x + 632. Calculate the highest common factor of q and 102.
51
Let u(i) = -5*i - 5. Let s be u(-1). Suppose -5*x = 5*w - 185, w - 17 = -s*w - 5*x. What is the highest common factor of w and 322?
14
Let t be 2/(-5)*(-19240)/52. Calculate the greatest common divisor of 36 and t.
4
Let n(j) = j**2 - 26*j + 49. Let t be n(16). Let q = t - -137. What is the greatest common factor of q and 325?
13
Suppose -3*l = -4*w - 1406, -1833 = -15*l + 11*l - 3*w. Let z(x) = -x**3 - 6*x**2 - 5*x + 11. Let q be z(-5). Calculate the greatest common divisor of l and q.
11
Let q be (4922/(-8) - (-3 + (-55)/(-20)))/(-1). What is the greatest common factor of 1066 and q?
41
Let b(f) = 4*f + 37 - 6*f - 40. Let y be b(-10). Suppose 8 = -5*r - y, -5*i - r + 515 = 0. What is the highest common factor of i and 8?
8
Suppose -21790 = -475*n + 42335. Calculate the highest common factor of n and 2763.
9
Let l(c) = -c**2 - 4*c + 1. Let k be l(-3). Let d(m) = 9*m + 3. Let y be d(1). Let w = 15 - y. Calculate the greatest common factor of k and w.
1
Suppose -7*a + 9*a - 12 = -h, -4*h - 17 = -5*a. Let w be ((-9)/3 - 202/a)*-5. Calculate the greatest common divisor of 7 and w.
7
Suppose 0 = 33*f - 49446 - 114630. What is the greatest common divisor of 44 and f?
44
Let d(i) = 2*i**3 + i**2 + 2*i - 2. Let b = -65 + 62. Let n be (-4)/(-12) - 2/b. Let t be d(n). Calculate the highest common divisor of t and 9.
3
Let x(r) = -103*r - 729. Let l be x(-8). Calculate the greatest common factor of l and 684.
19
Suppose s = -2*w + 71, 3*s - 127*w + 129*w = 197. Calculate the greatest common factor of 25494 and s.
21
Let o(r) = 4*r + 198. Let a(s) = 2*s**3 + 79*s**2 - 40*s - 39. Let x be a(-40). Let g be o(x). What is the greatest common divisor of 238 and g?
14
Suppose -193*p = -188*p + 26530. Let q be (-6)/51 + p*(-7)/119. Calculate the highest common factor of 8 and q.
8
Suppose 2*i + 1040 = 2*d, 11*i + 1040 = 2*d + 8*i. Calculate the greatest common factor of 28 and d.
4
Let k = 417 - -177. Calculate the highest common factor of 330 and k.
66
Let p be -7 - ((-128)/224 - (-54)/28*-8). What is the highest common factor of 8163 and p?
9
Suppose 397664 - 89004 = 46*o. Calculate the highest common factor of 366 and o.
122
Suppose 0 = -127*r + 132*r. Let z be 156/3 + 0 + r. What is the highest common factor of z and 364?
52
Let t(a) = 5*a**2 - 67*a - 28. Let j be t(14). What is the greatest common divisor of 161 and j?
7
Suppose 10*h = 5*h + 320. Let s be 5 + 1/(3/81). What is the greatest common divisor of h and s?
32
Let k(d) = -15*d**3 + d**2 - 17*d - 115. Let w be k(-5). What is the highest common factor of w and 136?
34
Let r(t) = -2*t**2 + 34*t - 5. Let m be r(16). Let x be (0 - (-13 + -2)) + (-24 - -27). Calculate the greatest common divisor of x and m.
9
Suppose 0 = 5*q - 129 - 111. Let j(l) = -6*l**3 + 2*l**2 - l - 3. Let h be j(-1). What is the greatest common divisor of q and h?
6
Let x = -117 - -127. Suppose -7*r = -52 + x. Let z be 4*(-2 - 74/(-4)). What is the greatest common factor of r and z?
6
Let l(h) = -2*h**3 + 37*h**2 - 9*h - 148. Let n be l(18). What is the highest common factor of n and 13608?
14
Let r = 21791 - 17696. What is the highest common factor of r and 637?
91
Suppose -4*p - 42 = -3*s + 5*s, 4*p + 3*s = -45. Let x be (-8504)/(-40) + p/15. What is the greatest common divisor of 53 and x?
53
Suppose -9*d = -10*d - 5*c + 42, -123 = -5*d + 4*c. What is the greatest common divisor of d and 1035?
9
Let k(h) = -42*h**3 + 7*h**2 + 72*h + 315. Let w be k(-5). What is the highest common divisor of w and 20?
20
Let l(d) = -5*d - 8. Let n be l(-6). Let v = 21 + -39. Let z = n + v. What is the greatest common divisor of 44 and z?
4
Let n be 80/(-6)*51/68*-118. What is the highest common divisor of n and 59?
59
Suppose 44*j + 2*d - 2128 = 39*j, 2*j = -d + 851. Calculate the highest common divisor of j and 1136.
142
Let b be ((-1)/(-3))/(17/((-9537)/(-11))). What is the greatest common factor of 5729 and b?
17
Suppose 0 = 785*q - 769*q - 1040. Let c(z) = 3*z**2 + 2*z - 1. Let p be c(-4). What is the greatest common factor of q and p?
13
Let r = -11 + 31. Suppose 4777 + 2923 = 35*o. What is the greatest common factor of o and r?
20
Let q be (-646)/(-8) - (-3)/(-4). Let j(w) = w**2 - 26*w - 47. Let l be j(28). Suppose -l*m + 1 = -89. What is the highest common factor of m and q?
10
Suppose -3*g - 188 = -203. Suppose -122 - 73 = -3*q. What is the highest common factor of g and q?
5
Let z be 5 + 63/(-14) - (-18964)/(-8). Let g be (-15)/(-20) + (z/8)/(-5). Calculate the highest common divisor of g and 36.
12
Let v(n) = 88*n + 364. Let k be v(-4). Calculate the highest common divisor of 44 and k.
4
Suppose 3*x + 419 = 1319. Suppose 0 = -4*c + x + 260. Suppose -3*m - 50 = -j - 5*m, 4*m = -j + 44. What is the greatest common divisor of c and j?
28
Suppose 0 = -5*t - 2*b - 61, 0 = 5*t + b + 50 + 13. Let j = 26 + t. Let x be ((-180)/60)/(6/(-26)). What is the greatest common factor of j and x?
13
Let w = 4024 - 3359. Calculate the greatest common divisor of w and 855.
95
Let b(j) = 2*j - 3. Let l be b(3). Suppose 3*f = -2*v + 110, 4*f + 13*v - 185 = 18*v. Suppose -f*a - 139 = -379. Calculate the highest common factor of l and a.
3
Suppose 0 = -6*s + 1285 + 755. Let f be s/(-4)*(-4 - 1). What is the greatest common factor of 25 and f?
25
Let j(d) = -d**3 - 8*d**2. Let m be j(-8). Let a be (-6)/(-18) + m + (-24)/(-9). Suppose -46 - 56 = -a*s. Calculate the greatest common divisor of 34 and s.
34
Suppose -5*s + 3*v + 15 = -v, -4*s + 4*v = -8. Let i be (4/s)/((18/21)/3). Calculate the highest common factor of i and 7.
1
Let u = -10510 + 10543. What is the highest common divisor of 13893 and u?
33
Let c = -3 - -9. Let j(i) = -3*i - c*i - 3*i + 24. Let q be j(-7). What is the highest common factor of q and 12?
12
Suppose 0 = 96*y - 93*y + v - 790, -4*y + 4*v + 1016 = 0. Calculate the highest common divisor of y and 62118.
261
Let n = 195 - 179. Suppose -53 = -b - 3*b - 3*z, -2*z - n = -b. What is the greatest common divisor of 77 and b?
7
Suppose 2432 - 6172 = -170*w. Let y be (2 + 1)*44/6. Calculate the highest common factor of y and w.
22
Let d = 9719 - 9224. What is the highest common divisor of 1935 and d?
45
Suppose 0 = -5*p + 2*p + 660. Suppose -21*o - 52